ded by 288.
6
What is the remainder when 352 is divided by 15?
7
What is the remainder when 3952 is divided by 92?
88
Calculate the remainder when 4852 is divided by 806.
16
Calculate the remainder when 1553 is divided by 318.
281
Calculate the remainder when 104639 is divided by 16.
15
Calculate the remainder when 142 is divided by 33.
10
What is the remainder when 652 is divided by 111?
97
What is the remainder when 628 is divided by 204?
16
What is the remainder when 56 is divided by 46?
10
Calculate the remainder when 1118 is divided by 110.
18
What is the remainder when 190 is divided by 25?
15
Calculate the remainder when 181 is divided by 38.
29
Calculate the remainder when 393 is divided by 103.
84
What is the remainder when 20570 is divided by 54?
50
What is the remainder when 794 is divided by 19?
15
Calculate the remainder when 25616 is divided by 35.
31
Calculate the remainder when 247 is divided by 75.
22
Calculate the remainder when 75 is divided by 10.
5
Calculate the remainder when 12248 is divided by 175.
173
What is the remainder when 700 is divided by 39?
37
What is the remainder when 316 is divided by 28?
8
Calculate the remainder when 395 is divided by 29.
18
Calculate the remainder when 93 is divided by 16.
13
What is the remainder when 387 is divided by 40?
27
What is the remainder when 215 is divided by 24?
23
Calculate the remainder when 1323 is divided by 148.
139
Calculate the remainder when 1478 is divided by 33.
26
What is the remainder when 130 is divided by 23?
15
Calculate the remainder when 134 is divided by 68.
66
Calculate the remainder when 149 is divided by 53.
43
Calculate the remainder when 1843 is divided by 45.
43
What is the remainder when 209 is divided by 71?
67
Calculate the remainder when 1674 is divided by 33.
24
What is the remainder when 62 is divided by 24?
14
What is the remainder when 1211 is divided by 135?
131
What is the remainder when 278 is divided by 258?
20
Calculate the remainder when 7289 is divided by 3.
2
What is the remainder when 298 is divided by 16?
10
Calculate the remainder when 680 is divided by 288.
104
What is the remainder when 58 is divided by 42?
16
Calculate the remainder when 204 is divided by 15.
9
Calculate the remainder when 1031 is divided by 11.
8
What is the remainder when 3287 is divided by 14?
11
What is the remainder when 194 is divided by 58?
20
What is the remainder when 219 is divided by 5?
4
Calculate the remainder when 48 is divided by 14.
6
What is the remainder when 329 is divided by 201?
128
What is the remainder when 66 is divided by 43?
23
Calculate the remainder when 175 is divided by 21.
7
Calculate the remainder when 1239 is divided by 17.
15
Calculate the remainder when 2307 is divided by 165.
162
Calculate the remainder when 115 is divided by 40.
35
Calculate the remainder when 307 is divided by 179.
128
What is the remainder when 340 is divided by 57?
55
Calculate the remainder when 577 is divided by 39.
31
What is the remainder when 127 is divided by 54?
19
Calculate the remainder when 307 is divided by 11.
10
Calculate the remainder when 110 is divided by 23.
18
What is the remainder when 888 is divided by 444?
0
Calculate the remainder when 99 is divided by 42.
15
What is the remainder when 266 is divided by 127?
12
What is the remainder when 4727 is divided by 6?
5
Calculate the remainder when 199 is divided by 97.
5
Calculate the remainder when 240 is divided by 34.
2
Calculate the remainder when 177 is divided by 36.
33
Calculate the remainder when 2862 is divided by 238.
6
Calculate the remainder when 576 is divided by 38.
6
What is the remainder when 789 is divided by 24?
21
Calculate the remainder when 445 is divided by 148.
1
What is the remainder when 295 is divided by 95?
10
Calculate the remainder when 239 is divided by 35.
29
What is the remainder when 24 is divided by 19?
5
Calculate the remainder when 154 is divided by 56.
42
What is the remainder when 720 is divided by 202?
114
Calculate the remainder when 1425 is divided by 157.
12
What is the remainder when 141 is divided by 39?
24
Calculate the remainder when 610 is divided by 23.
12
Calculate the remainder when 155 is divided by 40.
35
What is the remainder when 292 is divided by 33?
28
Calculate the remainder when 168 is divided by 38.
16
What is the remainder when 10796 is divided by 67?
9
What is the remainder when 30048 is divided by 7?
4
What is the remainder when 113 is divided by 79?
34
Calculate the remainder when 2622 is divided by 75.
72
What is the remainder when 32157 is divided by 201?
198
Calculate the remainder when 108 is divided by 31.
15
What is the remainder when 811 is divided by 225?
136
What is the remainder when 559 is divided by 20?
19
Calculate the remainder when 97 is divided by 21.
13
What is the remainder when 54 is divided by 40?
14
Calculate the remainder when 145 is divided by 6.
1
What is the remainder when 1605 is divided by 46?
41
What is the remainder when 1368 is divided by 241?
163
Calculate the remainder when 1229 is divided by 22.
19
What is the remainder when 212 is divided by 54?
50
What is the remainder when 600 is divided by 42?
12
What is the remainder when 1538 is divided by 11?
9
What is the remainder when 249 is divided by 50?
49
Calculate the remainder when 2489 is divided by 826.
11
Calculate the remainder when 105 is divided by 51.
3
What is the remainder when 278 is divided by 11?
3
What is the remainder when 34 is divided by 13?
8
What is the remainder when 18 is divided by 14?
4
Calculate the remainder when 3744 is divided by 116.
32
Calculate the remainder when 210 is divided by 47.
22
What is the remainder when 244 is divided by 96?
52
What is the remainder when 1375 is divided by 8?
7
What is the remainder when 5507 is divided by 108?
107
Calculate the remainder when 135 is divided by 22.
3
Calculate the remainder when 539 is divided by 10.
9
What is the remainder when 254 is divided by 16?
14
Calculate the remainder when 36561 is divided by 33.
30
Calculate the remainder when 863 is divided by 16.
15
Calculate the remainder when 98 is divided by 30.
8
Calculate the remainder when 13885 is divided by 43.
39
What is the remainder when 117 is divided by 15?
12
What is the remainder when 4604 is divided by 145?
109
What is the remainder when 86 is divided by 36?
14
Calculate the remainder when 287 is divided by 53.
22
Calculate the remainder when 13153 is divided by 23.
20
Calculate the remainder when 213 is divided by 12.
9
What is the remainder when 260 is divided by 3?
2
What is the remainder when 333 is divided by 116?
101
What is the remainder when 1359 is divided by 15?
9
Calculate the remainder when 121 is divided by 25.
21
What is the remainder when 292 is divided by 68?
20
What is the remainder when 99 is divided by 53?
46
What is the remainder when 74 is divided by 17?
6
Calculate the remainder when 2696 is divided by 15.
11
Calculate the remainder when 1018 is divided by 101.
8
What is the remainder when 16 is divided by 5?
1
What is the remainder when 1334 is divided by 419?
77
Calculate the remainder when 658 is divided by 51.
46
Calculate the remainder when 1090 is divided by 325.
115
Calculate the remainder when 368 is divided by 39.
17
What is the remainder when 4432 is divided by 138?
16
Calculate the remainder when 191 is divided by 112.
79
What is the remainder when 82 is divided by 11?
5
Calculate the remainder when 2156 is divided by 35.
21
Calculate the remainder when 926 is divided by 183.
11
What is the remainder when 45 is divided by 4?
1
What is the remainder when 81 is divided by 14?
11
What is the remainder when 30 is divided by 3?
0
Calculate the remainder when 693 is divided by 693.
0
What is the remainder when 41 is divided by 7?
6
Calculate the remainder when 96 is divided by 25.
21
What is the remainder when 659 is divided by 170?
149
What is the remainder when 178 is divided by 18?
16
What is the remainder when 846 is divided by 823?
23
What is the remainder when 779 is divided by 29?
25
Calculate the remainder when 317 is divided by 10.
7
What is the remainder when 76 is divided by 50?
26
Calculate the remainder when 20 is divided by 14.
6
Calculate the remainder when 509 is divide